be p(-3). Suppose -m + 6*m = u. What is the units digit of m?
7
Suppose 0 = 4*d - 4*h - 8, 3*d + 2*h - 14 = h. Suppose 3*s + 2*s - 105 = -5*j, -2*j + d*s = -48. What is the units digit of j?
2
Let c(y) = 6*y**3 + y - 2. Let t be c(1). Let f = 9 + t. What is the units digit of f?
4
Suppose -3*l = -l + 2*y - 68, 5*l - 200 = 5*y. What is the units digit of l?
7
Let s(t) = 10*t - 3. What is the tens digit of s(3)?
2
Let d(l) = -l**3 + 3*l**2 + 2*l - 2. Suppose 6 + 6 = 3*n. Let u be 2/(2 + n/(-3)). What is the units digit of d(u)?
4
Suppose 4*i - 329 = -a, -2*i = -i - 5*a - 98. What is the tens digit of i?
8
Let w(v) = -v**2 - v + 4. Let s be w(-5). Let r(y) = -y**2 + 9*y - 12. Let p be r(8). Let z = p - s. What is the units digit of z?
2
Suppose -8 = -5*u + 7. Suppose -3 - 9 = -3*w + u*y, -2*w + y + 9 = 0. Suppose -5*q = -5*h - 65, -4*q + w*h - 3*h = -50. What is the tens digit of q?
1
What is the tens digit of 4 - (-1 - -1 - 15)?
1
Let u(f) = 2*f**3 - 2*f**2 + f. Let s be u(1). Let w be s/2 + 18/4. Suppose -w*q - 4 = -9. What is the units digit of q?
1
Suppose 6*q - 6 = -x + 3*q, -q = -x - 2. Suppose m + x*m - 10 = 0. Suppose 3*y = -w + 22, m = 5*y - 5. What is the units digit of w?
3
Let w(x) = 5*x. Let y be w(1). Suppose -3*p - y*a = -28, 4*p + 4*a - 33 = -9. What is the units digit of p?
1
Suppose 10 = 2*r + 2. Suppose -r*w - 5*o = -3*w + 14, -4*w + 2*o + 54 = 0. What is the units digit of w?
1
Let b(v) = v**3 - 3. What is the tens digit of b(3)?
2
Suppose 0 = -4*d - 3*q + 28, 2 + 10 = 4*d - q. Suppose -a + 7 + d = 0. What is the tens digit of a?
1
Suppose -3*a + 545 = 4*q, 0 = -q - 4*a + 105 + 28. What is the tens digit of q?
3
Let y be 0 + 0 + 15/3. Suppose -2*j - 2*a = -3*a - 19, -4*a - 43 = -y*j. What is the tens digit of j?
1
Let y = 50 - 49. What is the units digit of y?
1
Suppose 0 = -3*x + 3*s + 87, 0*s = 5*x - s - 129. Let y = x - 14. What is the units digit of y?
1
Suppose -29 = -4*d - k - 0, -3*d - 4*k = -38. Let z(q) = q + 1. Let w be z(3). Suppose -d = -t + w*o, -7*o + 5*o - 12 = -2*t. What is the units digit of t?
6
Let s = 29 + -13. What is the units digit of s?
6
Suppose -9*b + 3069 = 2*b. What is the tens digit of b?
7
Suppose 10*b - 5*b = 470. What is the units digit of b?
4
Let y be 1*(-3)/(-9)*3. Let l be (-7)/(-1 + 0) - y. Let r(k) = -k**3 + 6*k**2 + k - 5. What is the units digit of r(l)?
1
Let u(t) = -21*t - 15. What is the units digit of u(-8)?
3
What is the tens digit of (-2)/(-3) + (-332)/(-6)?
5
Let r(u) = u**3 + 6*u**2 + 6*u + 3. Let y be r(-5). What is the tens digit of (-50 + 0)*y/4?
2
Let f = 0 + 6. What is the units digit of f?
6
Let x(k) = -3*k - 4. Let o = 11 + -15. Let a be x(o). Suppose 0*u - a = -u. What is the units digit of u?
8
Let d be 2/9 - 156/(-27). What is the units digit of 20/d*(-12)/(-10)?
4
Suppose n + 2*n = -18. Let k(x) = -x - 6. Let l be k(n). Suppose l*j - 1 = -j. What is the units digit of j?
1
Let u(y) = 19*y**2 + 2*y + 4. What is the tens digit of u(-2)?
7
Suppose -10 = -5*a, q + 2*a - 624 = -4*q. What is the units digit of q?
4
What is the tens digit of 2*((-1)/1 - -11)?
2
Let x(t) = t**2 + 2*t - 4. Let v be x(-3). Suppose 0 = 3*a - r + 11, -4*r + 18 = -4*a + 6. Let j = v - a. What is the units digit of j?
3
Suppose 2*k - 7 = -3. Suppose -3*s + t = -28, 0*s + 12 = k*s - 4*t. What is the tens digit of s?
1
Let x(q) = q**3 + 5*q**2 + 4*q + 1. Let z be x(-4). What is the units digit of (-7)/(0 - (0 + z))?
7
Suppose 2323 + 284 = 11*a. What is the tens digit of a?
3
Let t(f) = -f**3 + 12*f**2 - 9*f + 8. What is the tens digit of t(11)?
3
Suppose -2*f = 5*s - 1, -s - 5*f + 0*f = 9. What is the units digit of (-220)/(-33) + s/3?
7
Suppose 0 = -7*h + 337 + 734. What is the units digit of h?
3
Let l be (-3)/5 - (-148)/(-20). What is the tens digit of (-3 + (-76)/l)*2?
1
Let o be 118/(-6) - (-4)/(-12). What is the units digit of (o/8 + 3)*10?
5
Suppose 2*k - 49 - 3 = 0. What is the units digit of k?
6
Let v be ((-6)/(-4))/3*-10. Let n be v*(-1 + -1)/2. Suppose -4*j = -n - 7. What is the units digit of j?
3
Let k be ((-40)/(-50))/((-4)/(-50)). Let f = k + -7. Suppose -4*m - 60 = -4*n - 5*m, 0 = n - f*m - 28. What is the units digit of n?
6
Suppose 3*g + 15 = 6*g. What is the units digit of g?
5
Let l(f) = -14*f + 1. What is the units digit of l(-2)?
9
Let d = 6 - 4. Let h be (2 - d)/(1/(-1)). Suppose a = -h*a + 2. What is the units digit of a?
2
Suppose 0 = -l - 3*l - 16. Let u(r) = r**3 + 3*r**2 - 6*r - 3. What is the units digit of u(l)?
5
Let f(b) = -b**2 + 8*b + 3. Let o be f(7). What is the units digit of -3*4*o/(-15)?
8
What is the tens digit of (-200 + 0 + 5)/(-1)?
9
Let s(b) = 3*b**2 - 3*b. What is the tens digit of s(4)?
3
Let d be 2/3 - 750/(-9). Suppose d = -2*x + 6*x. What is the units digit of x?
1
Suppose 2*j - 3*u = -6 + 25, 5*j - 15 = u. Let y be (-33)/j*2/(-3). Suppose -2*a + t = -a - y, 5*a - 15 = -3*t. What is the units digit of a?
6
Let q(b) = -2*b**2 - 10 + 29 + 3*b - 2*b + b**3 + b**2. What is the units digit of q(0)?
9
Let k(f) = f**3 + 10*f**2 - f - 5. What is the units digit of k(-10)?
5
Let y = -20 - -25. What is the units digit of y?
5
Let i(m) = m - 1. Let v(c) = -2*c - 7. Let f(u) = -2*i(u) + v(u). What is the tens digit of f(-8)?
2
Let o be 2/5 - (-114)/15. Suppose 0 = x + 3*x - o. Suppose -3*j = -j - x. What is the units digit of j?
1
Suppose 4 = u - 5*s, 0*s = 3*s - 3. Let l = -4 + u. Let h = l - 3. What is the units digit of h?
2
Let j be (27/(-12))/(-1)*-4. Let s be 12/j + (-2)/3. What is the units digit of ((-12)/(-10))/(s/(-10))?
6
Let g be 8 + -4 + (2 - 3). Let m = 3 - g. Suppose d - 9 + m = 0. What is the units digit of d?
9
Let l(d) = -d**3 + 3*d**2 + 7*d - 10. What is the units digit of l(4)?
2
Suppose 2*n = n + 4. Let x(p) = -p**3 + 4*p**2 + 2*p - 1. What is the units digit of x(n)?
7
Let d = 8 + -3. Suppose -5*z - 2*f = 4, 10 = -3*z + d*f - 11. Let v(m) = m**2 + m + 2. What is the units digit of v(z)?
4
Let q = -22 + 31. Let t(k) = -k**3 - 5*k**2 + 6*k + 2. Let b be t(-6). Suppose -3*y = -b*y - q. What is the units digit of y?
9
Suppose 4*f - 52 = -5*h, -2*h - 2*h = -2*f. Suppose 0 = -f*l + 3*l + 215. What is the units digit of l?
3
Let i = 7 - 4. Let t(f) = 3*f**2 - 2*f - 2. What is the tens digit of t(i)?
1
Let r(f) = -f + 21. Suppose 0 = -4*b + 5*h + 33, -2*b + 7*b - 3*h = 51. What is the units digit of r(b)?
9
Suppose w - 2*p = 94, -w - 3*p = -0*w - 69. What is the tens digit of w?
8
Let d = 7 - 5. What is the tens digit of (34/(-6))/(d/(-6))?
1
Let k(u) = u - 1. Let v(z) = -6*z + 1. Let h(i) = -5*k(i) - v(i). Let c be h(0). Let x = 1 + c. What is the units digit of x?
5
Suppose -2*s + 51 = -1. What is the tens digit of s?
2
Let o = -386 - -614. What is the tens digit of o?
2
Let p = 6 - 3. Suppose -p*w = -2*w - 16. Let g = w - 10. What is the units digit of g?
6
What is the units digit of (-12)/(-42) - (-376)/(-7)*-1?
4
Let x(h) = 2*h**2 - 7*h + 10. What is the units digit of x(10)?
0
What is the units digit of (15/4)/(22/440)?
5
Suppose 0*k + 4*k + a = -31, 3*k - 2*a + 26 = 0. Let w = 2 - k. What is the units digit of w?
0
Let x = -19 + 32. What is the units digit of x?
3
What is the units digit of ((-61)/3)/(4/(-36))?
3
Let g = -82 - -54. Let j = -7 - g. What is the units digit of j?
1
Suppose 0 = y - 0*y - 4. Suppose -2*r + 34 = -y*q, -10 = -7*r + 2*r - 5*q. What is the units digit of r?
7
Let z(a) = -2*a**3 - 4*a**2 - 3*a - 1. Let y be z(-2). Let j = y - 5. Suppose -s - 3*s + 44 = j. What is the units digit of s?
1
Suppose -8 = -4*v + 4. Let d(m) = 5*m**2 + m - 6. What is the tens digit of d(v)?
4
Let o = 12 + -9. Suppose -o*a + 15 = 2*f, -a + 3*f - 3 = f. What is the units digit of a?
3
Let r(y) = y**3 - 7*y**2 - 9*y + 9. What is the units digit of r(8)?
1
Suppose 2*k - 36 = -k. Suppose 0 = -t + 5*t - k. Suppose -32 = i - t*i. What is the units digit of i?
6
Suppose 2*j = 5 + 59. What is the units digit of j?
2
Suppose -18 = 4*z + 14. Let u = z - -12. Suppose -2*m - 34 = -u*w, -w + m + 6 + 4 = 0. What is the units digit of w?
7
Let w = -75 - -184. What is the units digit of w?
9
Let p(y) = 2*y**3 - 4*y - 5 + 4*y + 10*y - 10*y**2 - y**3. Let o be p(9). Suppose -o = -2*u + 2. What is the units digit of u?
3
Let f = 69 + -30. Suppose -4*j - 21 =